{"id":1970,"date":"2019-01-27T12:27:42","date_gmt":"2019-01-27T12:27:42","guid":{"rendered":"https:\/\/cocukyazarlarkutuphanesi.com\/?page_id=1970"},"modified":"2019-01-28T08:35:31","modified_gmt":"2019-01-28T08:35:31","slug":"mektup-gonderileri","status":"publish","type":"page","link":"https:\/\/cocukyazarlarkutuphanesi.com\/wps\/mektup-gonderileri\/","title":{"rendered":"Mektup G\u00f6nderileri"},"content":{"rendered":"\n<div class=\"pt-cv-wrapper\"><div class=\"pt-cv-view pt-cv-grid pt-cv-colsys\" id=\"pt-cv-view-2b699dcmz2\"><div data-id=\"pt-cv-page-1\" class=\"pt-cv-page\" data-cvc=\"2\"><div class=\"col-md-6 col-sm-6 col-xs-12 pt-cv-content-item pt-cv-1-col\" ><div class='pt-cv-ifield'><a href=\"https:\/\/cocukyazarlarkutuphanesi.com\/wps\/sevgili-hayvan-dostlarim\/\" class=\"_self pt-cv-href-thumbnail pt-cv-thumb-default\" target=\"_self\" ><\/a>\n<h4 class=\"pt-cv-title\"><a href=\"https:\/\/cocukyazarlarkutuphanesi.com\/wps\/sevgili-hayvan-dostlarim\/\" class=\"_self\" target=\"_self\" >Sevgili Hayvan Dostlar\u0131m<\/a><\/h4>\n<div class=\"pt-cv-content\">Ne yaz\u0131k ki insanlar size pek iyi davranm\u0131yor ve de\u011fer vermiyorlar.Ama siz her zaman bizim yard\u0131m\u0131m\u0131za ko\u015fuyorsunuz.Bize s\u00fct,peynir,yo\u011furt,et,bal ve bu t\u00fcr sa\u011fl\u0131kl\u0131 yiyecekler yap\u0131yorsunuz.Hatta bazen g\u00fcvende olmam\u0131z\u0131 ve para kazanmam\u0131z\u0131 ...<br \/><div class=\"pt-cv-rmwrap\"><a href=\"https:\/\/cocukyazarlarkutuphanesi.com\/wps\/sevgili-hayvan-dostlarim\/\" class=\"_self pt-cv-readmore btn btn-success\" target=\"_self\">Daha Fazlas\u0131n\u0131 Oku<\/a><\/div><\/div>\n<div class=\"pt-cv-meta-fields\"><span class=\"entry-date\"> <time datetime=\"2019-11-28T15:46:15+00:00\">28 Kas\u0131m 2019<\/time><\/span><span> \/ <\/span><span class=\"author\"> <a href=\"https:\/\/cocukyazarlarkutuphanesi.com\/wps\/author\/nurnebhen\/\" rel=\"author\">nurnebhen<\/a><\/span><span> \/ <\/span><span class=\"comments-link\"> <a href=\"https:\/\/cocukyazarlarkutuphanesi.com\/wps\/sevgili-hayvan-dostlarim\/#respond\">Yorum yok<span class=\"screen-reader-text\"> Sevgili Hayvan Dostlar\u0131m<\/span><\/a><\/span><\/div><\/div><\/div>\n<div class=\"col-md-6 col-sm-6 col-xs-12 pt-cv-content-item pt-cv-1-col\" ><div class='pt-cv-ifield'><a href=\"https:\/\/cocukyazarlarkutuphanesi.com\/wps\/ataturke-mektup\/\" class=\"_self pt-cv-href-thumbnail pt-cv-thumb-default\" target=\"_self\" ><\/a>\n<h4 class=\"pt-cv-title\"><a href=\"https:\/\/cocukyazarlarkutuphanesi.com\/wps\/ataturke-mektup\/\" class=\"_self\" target=\"_self\" >Atat\u00fcrk`e Mektup<\/a><\/h4>\n<div class=\"pt-cv-content\">Sevgili Atat\u00fcrk Sen daha k\u00fc\u00e7\u00fck, y\u00fcre\u011fi yumru\u011fu kadar bir \u00e7ocuktun.Ama ger\u00e7e\u011fe bakarsak sen y\u00fcre\u011fi kocaman bir \u00e7ocuktun.Ellerin ya\u015f\u0131na g\u00f6re sadece oyun oynamak i\u00e7in yaz\u0131 yazmak i\u00e7in var oldu\u011funu zannediyordun ama ...<br \/><div class=\"pt-cv-rmwrap\"><a href=\"https:\/\/cocukyazarlarkutuphanesi.com\/wps\/ataturke-mektup\/\" class=\"_self pt-cv-readmore btn btn-success\" target=\"_self\">Daha Fazlas\u0131n\u0131 Oku<\/a><\/div><\/div>\n<div class=\"pt-cv-meta-fields\"><span class=\"entry-date\"> <time datetime=\"2019-10-31T13:51:48+00:00\">31 Ekim 2019<\/time><\/span><span> \/ <\/span><span class=\"author\"> <a href=\"https:\/\/cocukyazarlarkutuphanesi.com\/wps\/author\/232\/\" rel=\"author\">Ay\u015femelek232<\/a><\/span><span> \/ <\/span><span class=\"comments-link\"> <a href=\"https:\/\/cocukyazarlarkutuphanesi.com\/wps\/ataturke-mektup\/#respond\">Yorum yok<span class=\"screen-reader-text\"> Atat\u00fcrk`e Mektup<\/span><\/a><\/span><\/div><\/div><\/div>\n<div class=\"col-md-6 col-sm-6 col-xs-12 pt-cv-content-item pt-cv-1-col\" ><div class='pt-cv-ifield'><a href=\"https:\/\/cocukyazarlarkutuphanesi.com\/wps\/geri-donusum-yapmali-tum-okuyanlara-mektup\/\" class=\"_self pt-cv-href-thumbnail pt-cv-thumb-default\" target=\"_self\" ><\/a>\n<h4 class=\"pt-cv-title\"><a href=\"https:\/\/cocukyazarlarkutuphanesi.com\/wps\/geri-donusum-yapmali-tum-okuyanlara-mektup\/\" class=\"_self\" target=\"_self\" >Geri d\u00f6n\u00fc\u015f\u00fcm Yapmal\u0131. ( T\u00fcm okuyanlara mektup)<\/a><\/h4>\n<div class=\"pt-cv-content\">Merhaba, bug\u00fcn sizinle geri d\u00f6n\u00fc\u015f\u00fcm hakk\u0131nda konu\u015faca\u011f\u0131m. Geri d\u00f6n\u00fc\u015f\u00fcm yapmad\u0131\u011f\u0131m\u0131z zaman at\u0131klar\u0131m\u0131z k\u00fcresel \u0131s\u0131nmaya neden olur. K\u00fcresel \u0131s\u0131nma nedeniyle buzullar erir ve buna insanlar neden olur. At\u0131k \u00e7\u00f6plerimiz insanlar\u0131n ya\u015famlar\u0131 ...<br \/><div class=\"pt-cv-rmwrap\"><a href=\"https:\/\/cocukyazarlarkutuphanesi.com\/wps\/geri-donusum-yapmali-tum-okuyanlara-mektup\/\" class=\"_self pt-cv-readmore btn btn-success\" target=\"_self\">Daha Fazlas\u0131n\u0131 Oku<\/a><\/div><\/div>\n<div class=\"pt-cv-meta-fields\"><span class=\"entry-date\"> <time datetime=\"2019-04-26T10:36:53+00:00\">26 Nisan 2019<\/time><\/span><span> \/ <\/span><span class=\"author\"> <a href=\"https:\/\/cocukyazarlarkutuphanesi.com\/wps\/author\/eroina\/\" rel=\"author\">Kurt Melezi<\/a><\/span><span> \/ <\/span><span class=\"comments-link\"> <a href=\"https:\/\/cocukyazarlarkutuphanesi.com\/wps\/geri-donusum-yapmali-tum-okuyanlara-mektup\/#respond\">Yorum yok<span class=\"screen-reader-text\"> Geri d\u00f6n\u00fc\u015f\u00fcm Yapmal\u0131. ( T\u00fcm okuyanlara mektup)<\/span><\/a><\/span><\/div><\/div><\/div>\n<div class=\"col-md-6 col-sm-6 col-xs-12 pt-cv-content-item pt-cv-1-col\" ><div class='pt-cv-ifield'><a href=\"https:\/\/cocukyazarlarkutuphanesi.com\/wps\/tum-okuyanlara-mektup-dogayi-koru-hayvanlari-koru\/\" class=\"_self pt-cv-href-thumbnail pt-cv-thumb-default\" target=\"_self\" ><\/a>\n<h4 class=\"pt-cv-title\"><a href=\"https:\/\/cocukyazarlarkutuphanesi.com\/wps\/tum-okuyanlara-mektup-dogayi-koru-hayvanlari-koru\/\" class=\"_self\" target=\"_self\" >T\u00fcm Okuyanlara Mektup&#8230; (Do\u011fay\u0131 Koru Hayvanlar\u0131 koru)<\/a><\/h4>\n<div class=\"pt-cv-content\">Baz\u0131 hayvanlar\u0131n nesli t\u00fckendi ve baz\u0131lar\u0131n da tehlike alt\u0131nda. Hayvanlara zarar verirken kendimize de zarar veriyoruz. Fazlaca yani abart\u0131l\u0131 avlanma y\u00fcz\u00fcnden do\u011fay\u0131 bozuyoruz. Bu durum sizi de \u00fcz\u00fcyordur eminim ki ...<br \/><div class=\"pt-cv-rmwrap\"><a href=\"https:\/\/cocukyazarlarkutuphanesi.com\/wps\/tum-okuyanlara-mektup-dogayi-koru-hayvanlari-koru\/\" class=\"_self pt-cv-readmore btn btn-success\" target=\"_self\">Daha Fazlas\u0131n\u0131 Oku<\/a><\/div><\/div>\n<div class=\"pt-cv-meta-fields\"><span class=\"entry-date\"> <time datetime=\"2019-04-19T12:53:07+00:00\">19 Nisan 2019<\/time><\/span><span> \/ <\/span><span class=\"author\"> <a href=\"https:\/\/cocukyazarlarkutuphanesi.com\/wps\/author\/eroina\/\" rel=\"author\">Kurt Melezi<\/a><\/span><span> \/ <\/span><span class=\"comments-link\"> <a href=\"https:\/\/cocukyazarlarkutuphanesi.com\/wps\/tum-okuyanlara-mektup-dogayi-koru-hayvanlari-koru\/#respond\">Yorum yok<span class=\"screen-reader-text\"> T\u00fcm Okuyanlara Mektup&#8230; (Do\u011fay\u0131 Koru Hayvanlar\u0131 koru)<\/span><\/a><\/span><\/div><\/div><\/div>\n<div class=\"col-md-6 col-sm-6 col-xs-12 pt-cv-content-item pt-cv-1-col\" ><div class='pt-cv-ifield'><a href=\"https:\/\/cocukyazarlarkutuphanesi.com\/wps\/sevgili-kuzenim-ceren\/\" class=\"_self pt-cv-href-thumbnail pt-cv-thumb-default\" target=\"_self\" ><\/a>\n<h4 class=\"pt-cv-title\"><a href=\"https:\/\/cocukyazarlarkutuphanesi.com\/wps\/sevgili-kuzenim-ceren\/\" class=\"_self\" target=\"_self\" >Sevgili kuzenim Ceren<\/a><\/h4>\n<div class=\"pt-cv-content\">\u00a0 Sevgili kuzenim Ceren, \u00a0 \u00a0 \u00a0Seni \u00e7ok \u00f6zledim. Ben \u00e7ok iyiyim. Sen nas\u0131ls\u0131n? Ye\u011fenim ne yap\u0131yor? \u0130stanbul'u memleketimi \u00e7ok \u00f6zledim. Sen gittin gideli buralar \u00e7ok s\u0131k\u0131c\u0131 oldu. \u0130ki m\u00fcjdeli ...<br \/><div class=\"pt-cv-rmwrap\"><a href=\"https:\/\/cocukyazarlarkutuphanesi.com\/wps\/sevgili-kuzenim-ceren\/\" class=\"_self pt-cv-readmore btn btn-success\" target=\"_self\">Daha Fazlas\u0131n\u0131 Oku<\/a><\/div><\/div>\n<div class=\"pt-cv-meta-fields\"><span class=\"entry-date\"> <time datetime=\"2019-03-21T14:06:36+00:00\">21 Mart 2019<\/time><\/span><span> \/ <\/span><span class=\"author\"> <a href=\"https:\/\/cocukyazarlarkutuphanesi.com\/wps\/author\/feyzanur123panda\/\" rel=\"author\">feyzanur123panda<\/a><\/span><span> \/ <\/span><span class=\"comments-link\"> <a href=\"https:\/\/cocukyazarlarkutuphanesi.com\/wps\/sevgili-kuzenim-ceren\/#comments\"><span class=\"screen-reader-text\">Sevgili kuzenim Ceren i\u00e7in<\/span> 2 yorum<\/a><\/span><\/div><\/div><\/div>\n<div class=\"col-md-6 col-sm-6 col-xs-12 pt-cv-content-item pt-cv-1-col\" ><div class='pt-cv-ifield'><a href=\"https:\/\/cocukyazarlarkutuphanesi.com\/wps\/gelecekteki-bana-mektup\/\" class=\"_self pt-cv-href-thumbnail pt-cv-thumb-default\" target=\"_self\" ><\/a>\n<h4 class=\"pt-cv-title\"><a href=\"https:\/\/cocukyazarlarkutuphanesi.com\/wps\/gelecekteki-bana-mektup\/\" class=\"_self\" target=\"_self\" >Gelecekteki Bana  Mektup<\/a><\/h4>\n<div class=\"pt-cv-content\">Sevgili gelecekteki halim, \u00a0 \u00a0 \u00a0Ben senin \u015fimdiki halinim, daha 14 ya\u015f\u0131nday\u0131m. Gelecekte bu mektubu okudu\u011fumda neler hissedece\u011fim hakk\u0131nda en ufak bir fikrim bile yok. Hayat bazen \u00e7ok s\u0131k\u0131c\u0131 olabiliyor ...<br \/><div class=\"pt-cv-rmwrap\"><a href=\"https:\/\/cocukyazarlarkutuphanesi.com\/wps\/gelecekteki-bana-mektup\/\" class=\"_self pt-cv-readmore btn btn-success\" target=\"_self\">Daha Fazlas\u0131n\u0131 Oku<\/a><\/div><\/div>\n<div class=\"pt-cv-meta-fields\"><span class=\"entry-date\"> <time datetime=\"2019-03-18T16:08:24+00:00\">18 Mart 2019<\/time><\/span><span> \/ <\/span><span class=\"author\"> <a href=\"https:\/\/cocukyazarlarkutuphanesi.com\/wps\/author\/sena-nur-kibar\/\" rel=\"author\">Sena Nur Kibar<\/a><\/span><span> \/ <\/span><span class=\"comments-link\"> <a href=\"https:\/\/cocukyazarlarkutuphanesi.com\/wps\/gelecekteki-bana-mektup\/#comments\"><span class=\"screen-reader-text\">Gelecekteki Bana  Mektup i\u00e7in<\/span> 2 yorum<\/a><\/span><\/div><\/div><\/div>\n<div class=\"col-md-6 col-sm-6 col-xs-12 pt-cv-content-item pt-cv-1-col\" ><div class='pt-cv-ifield'><a href=\"https:\/\/cocukyazarlarkutuphanesi.com\/wps\/sevgili-serra\/\" class=\"_self pt-cv-href-thumbnail pt-cv-thumb-default\" target=\"_self\" ><\/a>\n<h4 class=\"pt-cv-title\"><a href=\"https:\/\/cocukyazarlarkutuphanesi.com\/wps\/sevgili-serra\/\" class=\"_self\" target=\"_self\" >Sevgili Serra,<\/a><\/h4>\n<div class=\"pt-cv-content\">Nas\u0131ls\u0131n? Seni g\u00f6rmeyeli uzunca zaman oldu ve bu s\u00fcrede seni \u00e7ok \u00f6zledim. Dilek ile olan konu\u015fmalar\u0131n\u0131z\u0131, \u00d6zg\u00fcr'\u00fcn \u015fakalar\u0131n\u0131, Melis'in ana\u00e7l\u0131\u011f\u0131n\u0131, S\u0131rma'n\u0131n deliliklerini, S\u0131la'n\u0131n zekas\u0131n\u0131. Serhat'\u0131n sessizli\u011fini ve en \u00e7ok da ...<br \/><div class=\"pt-cv-rmwrap\"><a href=\"https:\/\/cocukyazarlarkutuphanesi.com\/wps\/sevgili-serra\/\" class=\"_self pt-cv-readmore btn btn-success\" target=\"_self\">Daha Fazlas\u0131n\u0131 Oku<\/a><\/div><\/div>\n<div class=\"pt-cv-meta-fields\"><span class=\"entry-date\"> <time datetime=\"2019-03-13T14:04:25+00:00\">13 Mart 2019<\/time><\/span><span> \/ <\/span><span class=\"author\"> <a href=\"https:\/\/cocukyazarlarkutuphanesi.com\/wps\/author\/sila-nur-adibeke\/\" rel=\"author\">Sila Nur Adibeke<\/a><\/span><span> \/ <\/span><span class=\"comments-link\"> <a href=\"https:\/\/cocukyazarlarkutuphanesi.com\/wps\/sevgili-serra\/#comments\"><span class=\"screen-reader-text\">Sevgili Serra, i\u00e7in<\/span> 4 yorum<\/a><\/span><\/div><\/div><\/div>\n<div class=\"col-md-6 col-sm-6 col-xs-12 pt-cv-content-item pt-cv-1-col\" ><div class='pt-cv-ifield'><a href=\"https:\/\/cocukyazarlarkutuphanesi.com\/wps\/ataya-mektup\/\" class=\"_self pt-cv-href-thumbnail pt-cv-thumb-default\" target=\"_self\" ><\/a>\n<h4 class=\"pt-cv-title\"><a href=\"https:\/\/cocukyazarlarkutuphanesi.com\/wps\/ataya-mektup\/\" class=\"_self\" target=\"_self\" >ATA&#8217;YA MEKTUP<\/a><\/h4>\n<div class=\"pt-cv-content\">26.02.2019 Sevgili Ata`m; \u0130lk \u00f6nce \u015funu s\u00f6ylemek istiyorum ki seni ger\u00e7ekten \u00e7ok \u00f6zledik ve sana \u00e7ok ihtiyac\u0131m\u0131z var. Sana minnettar\u0131z. Kurdu\u011fun \u00fclkenin vatanda\u015flar\u0131 olarak biz bu \u00fclkenin vatanda\u015f\u0131 oldu\u011fumuz i\u00e7in ...<br \/><div class=\"pt-cv-rmwrap\"><a href=\"https:\/\/cocukyazarlarkutuphanesi.com\/wps\/ataya-mektup\/\" class=\"_self pt-cv-readmore btn btn-success\" target=\"_self\">Daha Fazlas\u0131n\u0131 Oku<\/a><\/div><\/div>\n<div class=\"pt-cv-meta-fields\"><span class=\"entry-date\"> <time datetime=\"2019-03-13T13:12:48+00:00\">13 Mart 2019<\/time><\/span><span> \/ <\/span><span class=\"author\"> <a href=\"https:\/\/cocukyazarlarkutuphanesi.com\/wps\/author\/yelda-dogan\/\" rel=\"author\">Yelda Dogan<\/a><\/span><span> \/ <\/span><span class=\"comments-link\"> <a href=\"https:\/\/cocukyazarlarkutuphanesi.com\/wps\/ataya-mektup\/#comments\"><span class=\"screen-reader-text\">ATA&#8217;YA MEKTUP i\u00e7in<\/span> 5 yorum<\/a><\/span><\/div><\/div><\/div>\n<div class=\"col-md-6 col-sm-6 col-xs-12 pt-cv-content-item pt-cv-1-col\" ><div class='pt-cv-ifield'><a href=\"https:\/\/cocukyazarlarkutuphanesi.com\/wps\/mektup\/\" class=\"_self pt-cv-href-thumbnail pt-cv-thumb-default\" target=\"_self\" ><\/a>\n<h4 class=\"pt-cv-title\"><a href=\"https:\/\/cocukyazarlarkutuphanesi.com\/wps\/mektup\/\" class=\"_self\" target=\"_self\" >MEKTUP<\/a><\/h4>\n<div class=\"pt-cv-content\">SEVG\u0130L\u0130 AL\u0130; Ali nas\u0131l sizin oralar? \u00c7ok \u00f6zledim oran\u0131n kokusunu,oran\u0131n buz gibi \u015far\u0131l \u015far\u0131l akan nehrini.\u00a0 Anlayaca\u011f\u0131n Ali sizin oralar\u0131 \u00e7ok \u00f6zledim. \u00a0 \u00a0 \u00a0 \u00a0 \u00a0 \u00a0 \u00a0 \u00a0 ...<br \/><div class=\"pt-cv-rmwrap\"><a href=\"https:\/\/cocukyazarlarkutuphanesi.com\/wps\/mektup\/\" class=\"_self pt-cv-readmore btn btn-success\" target=\"_self\">Daha Fazlas\u0131n\u0131 Oku<\/a><\/div><\/div>\n<div class=\"pt-cv-meta-fields\"><span class=\"entry-date\"> <time datetime=\"2019-03-12T09:25:57+00:00\">12 Mart 2019<\/time><\/span><span> \/ <\/span><span class=\"author\"> <a href=\"https:\/\/cocukyazarlarkutuphanesi.com\/wps\/author\/ramazan1ramazan1\/\" rel=\"author\">Ramazan1ramazan1<\/a><\/span><span> \/ <\/span><span class=\"comments-link\"> <a href=\"https:\/\/cocukyazarlarkutuphanesi.com\/wps\/mektup\/#comments\"><span class=\"screen-reader-text\">MEKTUP i\u00e7in<\/span> bir yorum<\/a><\/span><\/div><\/div><\/div>\n<div class=\"col-md-6 col-sm-6 col-xs-12 pt-cv-content-item pt-cv-1-col\" ><div class='pt-cv-ifield'><a href=\"https:\/\/cocukyazarlarkutuphanesi.com\/wps\/olmazsan-olmaz\/\" class=\"_self pt-cv-href-thumbnail pt-cv-thumb-default\" target=\"_self\" ><\/a>\n<h4 class=\"pt-cv-title\"><a href=\"https:\/\/cocukyazarlarkutuphanesi.com\/wps\/olmazsan-olmaz\/\" class=\"_self\" target=\"_self\" >Olmazsan olmaz&#8230;<\/a><\/h4>\n<div class=\"pt-cv-content\">Biricik anneme, Anne babalar i\u00e7in evlatlar\u0131n\u0131n ne denli k\u0131ymetli oldu\u011funu ben de evlat sahibi oldu\u011fumda anlayaca\u011f\u0131m,ama bilmeni isterim ki senin k\u0131ymetini ifade etmeye kelimeler yetmez. Bana yazd\u0131\u011f\u0131n mektupta \u00e7ocukken ya\u015fad\u0131\u011f\u0131n ...<br \/><div class=\"pt-cv-rmwrap\"><a href=\"https:\/\/cocukyazarlarkutuphanesi.com\/wps\/olmazsan-olmaz\/\" class=\"_self pt-cv-readmore btn btn-success\" target=\"_self\">Daha Fazlas\u0131n\u0131 Oku<\/a><\/div><\/div>\n<div class=\"pt-cv-meta-fields\"><span class=\"entry-date\"> <time datetime=\"2019-02-21T09:31:03+00:00\">21 \u015eubat 2019<\/time><\/span><span> \/ <\/span><span class=\"author\"> <a href=\"https:\/\/cocukyazarlarkutuphanesi.com\/wps\/author\/esengul-tenk\/\" rel=\"author\">Esengul Tenk<\/a><\/span><span> \/ <\/span><span class=\"comments-link\"> <a href=\"https:\/\/cocukyazarlarkutuphanesi.com\/wps\/olmazsan-olmaz\/#comments\"><span class=\"screen-reader-text\">Olmazsan olmaz&#8230; i\u00e7in<\/span> bir yorum<\/a><\/span><\/div><\/div><\/div><\/div><\/div>\n<div class=\" pt-cv-pagination-wrapper\"><ul class=\"pt-cv-pagination pt-cv-ajax pagination\" data-totalpages=\"2\" data-currentpage=\"1\" data-sid=\"2b699dcmz2\" data-unid=\"\" data-isblock=\"\" data-postid=\"\"><li class=\"active\"><a href=\"#\">1<\/a><\/li>\n\t<li ><a class=\"\" href=\"https:\/\/cocukyazarlarkutuphanesi.com\/wps\/wp-json\/wp\/v2\/pages\/1970\/?_page=2\">2<\/a><\/li>\n\t<li ><a class=\" \" href=\"https:\/\/cocukyazarlarkutuphanesi.com\/wps\/wp-json\/wp\/v2\/pages\/1970\/?_page=2\">&rsaquo;<\/a><\/li>\n\t<\/ul><img loading=\"lazy\" decoding=\"async\" width=\"15\" height=\"15\" class=\"pt-cv-spinner\" alt=\"Loading...\" src=\"data:image\/gif;base64,R0lGODlhDwAPALMPAMrKygwMDJOTkz09PZWVla+vr3p6euTk5M7OzuXl5TMzMwAAAJmZmWZmZszMzP\/\/\/yH\/C05FVFNDQVBFMi4wAwEAAAAh+QQFCgAPACwAAAAADwAPAAAEQvDJaZaZOIcV8iQK8VRX4iTYoAwZ4iCYoAjZ4RxejhVNoT+mRGP4cyF4Pp0N98sBGIBMEMOotl6YZ3S61Bmbkm4mAgAh+QQFCgAPACwAAAAADQANAAAENPDJSRSZeA418itN8QiK8BiLITVsFiyBBIoYqnoewAD4xPw9iY4XLGYSjkQR4UAUD45DLwIAIfkEBQoADwAsAAAAAA8ACQAABC\/wyVlamTi3nSdgwFNdhEJgTJoNyoB9ISYoQmdjiZPcj7EYCAeCF1gEDo4Dz2eIAAAh+QQFCgAPACwCAAAADQANAAAEM\/DJBxiYeLKdX3IJZT1FU0iIg2RNKx3OkZVnZ98ToRD4MyiDnkAh6BkNC0MvsAj0kMpHBAAh+QQFCgAPACwGAAAACQAPAAAEMDC59KpFDll73HkAA2wVY5KgiK5b0RRoI6MuzG6EQqCDMlSGheEhUAgqgUUAFRySIgAh+QQFCgAPACwCAAIADQANAAAEM\/DJKZNLND\/kkKaHc3xk+QAMYDKsiaqmZCxGVjSFFCxB1vwy2oOgIDxuucxAMTAJFAJNBAAh+QQFCgAPACwAAAYADwAJAAAEMNAs86q1yaWwwv2Ig0jUZx3OYa4XoRAfwADXoAwfo1+CIjyFRuEho60aSNYlOPxEAAAh+QQFCgAPACwAAAIADQANAAAENPA9s4y8+IUVcqaWJ4qEQozSoAzoIyhCK2NFU2SJk0hNnyEOhKR2AzAAj4Pj4GE4W0bkJQIAOw==\" \/><div class=\"clear pt-cv-clear-pagination\"><\/div><\/div><\/div>\n<div style='text-align:left' class='yasr-auto-insert-visitor'><\/div>","protected":false},"excerpt":{"rendered":"","protected":false},"author":779,"featured_media":0,"parent":0,"menu_order":0,"comment_status":"closed","ping_status":"closed","template":"","meta":{"om_disable_all_campaigns":false,"_monsterinsights_skip_tracking":false,"_monsterinsights_sitenote_active":false,"_monsterinsights_sitenote_note":"","_monsterinsights_sitenote_category":0,"yasr_overall_rating":0,"yasr_post_is_review":"","yasr_auto_insert_disabled":"","yasr_review_type":"","footnotes":""},"class_list":["post-1970","page","type-page","status-publish","hentry"],"yasr_visitor_votes":{"stars_attributes":{"read_only":true,"span_bottom":"<div class='yasr-small-block-bold'><span class='yasr-visitor-votes-must-sign-in'>You must sign in to vote<\/span><\/div>"},"number_of_votes":0,"sum_votes":0},"_links":{"self":[{"href":"https:\/\/cocukyazarlarkutuphanesi.com\/wps\/wp-json\/wp\/v2\/pages\/1970","targetHints":{"allow":["GET"]}}],"collection":[{"href":"https:\/\/cocukyazarlarkutuphanesi.com\/wps\/wp-json\/wp\/v2\/pages"}],"about":[{"href":"https:\/\/cocukyazarlarkutuphanesi.com\/wps\/wp-json\/wp\/v2\/types\/page"}],"author":[{"embeddable":true,"href":"https:\/\/cocukyazarlarkutuphanesi.com\/wps\/wp-json\/wp\/v2\/users\/779"}],"replies":[{"embeddable":true,"href":"https:\/\/cocukyazarlarkutuphanesi.com\/wps\/wp-json\/wp\/v2\/comments?post=1970"}],"version-history":[{"count":0,"href":"https:\/\/cocukyazarlarkutuphanesi.com\/wps\/wp-json\/wp\/v2\/pages\/1970\/revisions"}],"wp:attachment":[{"href":"https:\/\/cocukyazarlarkutuphanesi.com\/wps\/wp-json\/wp\/v2\/media?parent=1970"}],"curies":[{"name":"wp","href":"https:\/\/api.w.org\/{rel}","templated":true}]}}