{"id":5723,"date":"2019-03-12T12:38:41","date_gmt":"2019-03-12T12:38:41","guid":{"rendered":"https:\/\/cocukyazarlarkutuphanesi.com\/wps\/?page_id=5723"},"modified":"2019-03-12T12:38:43","modified_gmt":"2019-03-12T12:38:43","slug":"ozet","status":"publish","type":"page","link":"https:\/\/cocukyazarlarkutuphanesi.com\/wps\/ozet\/","title":{"rendered":"\u00d6zet"},"content":{"rendered":"\n<p><span style=\"font-weight: 400;\">K\u00fcreselle\u015fen ve de\u011fi\u015fen d\u00fcnya d\u00fczeninde de\u011fi\u015fim r\u00fczgar\u0131 t\u00fcm \u015fiddetiyle bireyleri ve ortamlar\u0131 etkilemeye devam etmektedir. Bu ba\u011flamda e\u011fitim ortamlar\u0131nda de\u011fi\u015fimi ve d\u00f6n\u00fc\u015f\u00fcm\u00fc alg\u0131layabilen, ayak uydurabilen, de\u011fi\u015fimlere etki edebilen nesiller yeti\u015ftirmenin b\u00fcy\u00fck \u00f6nem kazand\u0131\u011f\u0131 dile getirilebilir. \u015e\u00fcphesiz ki bu durumun temelini olu\u015fturacak en b\u00fcy\u00fck etkenin okuyan ve yazabilen nesiller olu\u015fturmak oldu\u011fu tart\u0131\u015f\u0131lmaz bir ger\u00e7ektir. \u00d6zellikle g\u00fcn\u00fcm\u00fcz d\u00fcnyas\u0131nda edebi metin okur-yazarl\u0131\u011f\u0131 b\u00fcy\u00fck bir \u00f6neme sahiptir. Nitekim edebi metin okuma \u00fczerine yap\u0131lan ara\u015ft\u0131rmalar ve edebi metin okumay\u0131 ve yazmay\u0131 te\u015fvik edici projeler bunu kan\u0131tlar niteliktedir.<\/span><\/p>\n<p><span style=\"font-weight: 400;\">\u201cAsr\u0131n Katipleri Yaz\u0131yor!\u201d projesinin amac\u0131 da edebi metin okuma ve yazma al\u0131\u015fkanl\u0131\u011f\u0131n\u0131 ortaokul \u00f6\u011frencilerine kritik d\u00f6nem olarak adland\u0131r\u0131lan ortaokul d\u00f6neminde kazand\u0131rmak ve gelece\u011fin yazarlar\u0131n\u0131 ke\u015ffetmektir. E\u011fitim psikolojisini temel ald\u0131\u011f\u0131m\u0131zda Piaget\u2019in bili\u015fsel geli\u015fim kuram\u0131na g\u00f6re kritik d\u00f6nem olarak bilinen \u201csomut i\u015flemler d\u00f6neminden soyut i\u015flemler d\u00f6nemine ge\u00e7i\u015f\u201d olarak adland\u0131r\u0131lan ortaokul d\u00f6neminin edebi metin okuma ve yazma al\u0131\u015fkanl\u0131\u011f\u0131 kazand\u0131r\u0131labilece\u011fi en \u00f6nemli d\u00f6nem oldu\u011fu s\u00f6ylenebilir. Bunun nedeni ise bu d\u00f6nemde \u00f6\u011frencilerin soyut d\u00fc\u015f\u00fcnebilme; ideal, fikir ve de\u011fer sahibi olabilme gibi bili\u015fsel eylemleri ger\u00e7ekle\u015ftirebiliyor olma durumlar\u0131d\u0131r.<\/span><\/p>\n<p><span style=\"font-weight: 400;\">\u201cAsr\u0131n Katipleri Yaz\u0131yor!\u201d projesinin temel \u00e7\u0131k\u0131\u015f noktas\u0131 olarak; \u00fclkemizin edebi metin okuma ve yazma oranlar\u0131nda d\u00fcnyada geride olmas\u0131, ortaokul d\u00f6neminde yap\u0131lan g\u00f6zlemler sonucunda \u00f6\u011frencilerin edebi metin okuma ve yazmaya yeterince e\u011filimli olmamas\u0131, projenin planlama s\u00fcrecinde yap\u0131lan durum tespit anketinin sonu\u00e7lar\u0131 g\u00f6sterilebilir. Ayr\u0131ca \u201cYazarl\u0131k ve Yazma Becerileri\u201d dersinin \u00f6\u011fretim program\u0131nda yer alan ama\u00e7lar\u0131n\u0131n daha i\u015flevsel bir halde yerine getirilebilmesinin sa\u011flanmas\u0131 ve programda yer alan payla\u015f\u0131m alanlar\u0131na ek yeni bir alan\u0131n olu\u015fturulmas\u0131 da g\u00f6sterilebilir. T\u00fcm bu \u00e7\u0131k\u0131\u015f noktalar\u0131 ayr\u0131ca projenin gerek\u00e7esini de olu\u015fturmaktad\u0131r. <\/span><\/p>\n<p><span style=\"font-weight: 400;\">\u201cAsr\u0131n Katipleri Yaz\u0131yor!\u201d projesinin i\u00e7eri\u011fine bakt\u0131\u011f\u0131m\u0131zda; proje i\u00e7eri\u011finin teknoloji ile edebi metin okuma ve yazma s\u00fcrecini bir araya getirmek oldu\u011fu s\u00f6ylenebilir. Bu kapsamda \u00e7ocuk yazarlar k\u00fct\u00fcphanesi ad\u0131nda bir genel a\u011f sitesi kurulmu\u015ftur. <\/span><i><span style=\"font-weight: 400;\">(<\/span><\/i><a href=\"http:\/\/www.cocukyazarlarkutuphanesi.com\"><i><span style=\"font-weight: 400;\">www.cocukyazarlarkutuphanesi.com<\/span><\/i><\/a><i><span style=\"font-weight: 400;\">)<\/span><\/i><span style=\"font-weight: 400;\">. Kurulan sitenin ortaokul \u00f6\u011frencilerinin dikkatini \u00e7ekecek \u015fekilde olmas\u0131na \u00f6zen g\u00f6sterilmi\u015ftir. <\/span><\/p>\n<p><span style=\"font-weight: 400;\"> \u00a0<\/span> <span style=\"font-weight: 400;\">Ortaokul \u00f6\u011frencileri genel a\u011f arac\u0131l\u0131\u011f\u0131yla kurulan \u00e7ocuk yazarlar k\u00fct\u00fcphanesinde kendi yazd\u0131klar\u0131 edebi metinleri y\u00fckleyebilmekte ve takip edebilmekte, arkada\u015flar\u0131n\u0131n yazd\u0131klar\u0131 edebi metinleri okuyabilmekte, okuduklar\u0131 edebi metinlere yorum yaz\u0131p be\u011feni i\u015fareti koyabilmektedir. Ayr\u0131ca site i\u00e7erisindeki resim ve tasar\u0131m at\u00f6lyesini ziyaret ederek arkada\u015flar\u0131n\u0131n yapm\u0131\u015f oldu\u011fu resimlere ve tasar\u0131mlara da bakabilmektedir. <\/span><\/p>\n<p><span style=\"font-weight: 400;\">T\u00fcm bu s\u00f6ylemler do\u011frultusunda \u201cAsr\u0131n Katipleri Yaz\u0131yor\u201d projesinin faaliyet s\u00fcreci d\u00f6rt a\u015famada ger\u00e7ekle\u015fmi\u015ftir. Bu a\u015famalar planlama, haz\u0131rl\u0131k, uygulama ve de\u011ferlendirme olarak adland\u0131r\u0131labilir. Planlama s\u00fcrecinde projenin ortaya \u00e7\u0131k\u0131\u015f s\u00fcreci yer almaktad\u0131r. Bu s\u00fcre\u00e7te okul m\u00fcd\u00fcr\u00fc, T\u00fcrk\u00e7e dersi z\u00fcmresi, Sosyal Bilgiler z\u00fcmresinden bir \u00f6\u011fretmen yer almaktad\u0131r. Haz\u0131rl\u0131k s\u00fcrecinde bili\u015fim teknolojileri \u00f6\u011fretmeni de projeye kat\u0131larak projenin uygulama s\u00fcreci \u00f6ncesi s\u00fcre\u00e7leri tamamlanm\u0131\u015ft\u0131r. Uygulama s\u00fcreci yakla\u015f\u0131k 45 g\u00fcn s\u00fcrm\u00fc\u015ft\u00fcr. Bu s\u00fcre\u00e7te \u00f6\u011frenciler \u00e7ocuk yazarlar k\u00fct\u00fcphanesi sitesini aktif bir \u015fekilde kullanm\u0131\u015flard\u0131r. Nitekim \u00e7ocuk yazarlar k\u00fct\u00fcphanesi sitesinin analiz sonu\u00e7lar\u0131 da bunu kan\u0131tlar niteliktedir. <\/span><\/p>\n<p><span style=\"font-weight: 400;\">\u201cAsr\u0131n Katipleri Yaz\u0131yor!\u201d projesinin de\u011ferlendirme s\u00fcrecinde nicel ara\u015ft\u0131rma y\u00f6ntemlerinden anket tekni\u011fi uygulanm\u0131\u015ft\u0131r. Bu s\u00fcre\u00e7te \u00f6\u011frenci sonu\u00e7 de\u011ferlendirme anketi ve \u00f6\u011fretmen sonu\u00e7 de\u011ferlendirme anketi olmak \u00fczere iki t\u00fcr anket uygulanm\u0131\u015ft\u0131r. Bunun nedeni projenin verimlili\u011fini daha iyi ortaya koyabilmektir. T\u00fcm bu s\u00f6ylemler \u0131\u015f\u0131\u011f\u0131nda \u201cAsr\u0131n Katipleri Yaz\u0131yor!\u201d projesinin de\u011ferlendirme s\u00fcrecindeki veriler baz al\u0131nd\u0131\u011f\u0131nda projenin ba\u015far\u0131l\u0131 bir \u015fekilde uyguland\u0131\u011f\u0131, projenin s\u00fcrd\u00fcr\u00fclebilir ve geli\u015ftirilebilir oldu\u011fu ve ortaokul \u00f6\u011frencilerine katk\u0131 sa\u011flad\u0131\u011f\u0131 s\u00f6ylenebilir. <\/span><\/p>\n<div style='text-align:left' class='yasr-auto-insert-visitor'><\/div>","protected":false},"excerpt":{"rendered":"","protected":false},"author":779,"featured_media":0,"parent":0,"menu_order":0,"comment_status":"closed","ping_status":"closed","template":"","meta":{"om_disable_all_campaigns":false,"_monsterinsights_skip_tracking":false,"_monsterinsights_sitenote_active":false,"_monsterinsights_sitenote_note":"","_monsterinsights_sitenote_category":0,"yasr_overall_rating":0,"yasr_post_is_review":"","yasr_auto_insert_disabled":"","yasr_review_type":"","footnotes":""},"class_list":["post-5723","page","type-page","status-publish","hentry"],"yasr_visitor_votes":{"stars_attributes":{"read_only":true,"span_bottom":"<div class='yasr-small-block-bold'><span class='yasr-visitor-votes-must-sign-in'>You must sign in to vote<\/span><\/div>"},"number_of_votes":0,"sum_votes":0},"_links":{"self":[{"href":"https:\/\/cocukyazarlarkutuphanesi.com\/wps\/wp-json\/wp\/v2\/pages\/5723","targetHints":{"allow":["GET"]}}],"collection":[{"href":"https:\/\/cocukyazarlarkutuphanesi.com\/wps\/wp-json\/wp\/v2\/pages"}],"about":[{"href":"https:\/\/cocukyazarlarkutuphanesi.com\/wps\/wp-json\/wp\/v2\/types\/page"}],"author":[{"embeddable":true,"href":"https:\/\/cocukyazarlarkutuphanesi.com\/wps\/wp-json\/wp\/v2\/users\/779"}],"replies":[{"embeddable":true,"href":"https:\/\/cocukyazarlarkutuphanesi.com\/wps\/wp-json\/wp\/v2\/comments?post=5723"}],"version-history":[{"count":0,"href":"https:\/\/cocukyazarlarkutuphanesi.com\/wps\/wp-json\/wp\/v2\/pages\/5723\/revisions"}],"wp:attachment":[{"href":"https:\/\/cocukyazarlarkutuphanesi.com\/wps\/wp-json\/wp\/v2\/media?parent=5723"}],"curies":[{"name":"wp","href":"https:\/\/api.w.org\/{rel}","templated":true}]}}